 76. Suppose v - 9 = w. Is w composite?
True
Suppose -k - 4*s + 24 = 0, -k + 3*s + 11 = 1. Let r be (8/k)/(2/824). Suppose 5*x - r = 219. Is x a prime number?
False
Let a = -6 - -78. Suppose l + 4 = 4*v, 5*l = 11*v - 7*v + 12. Suppose 0 = m - v*d - a, m - 73 = -0*m + d. Is m a prime number?
False
Suppose 5*c - 2728 = -u - 0*c, 4*u = -c + 10950. Let h = -1393 + u. Is h composite?
True
Suppose -7*a + 4308 + 60463 = 0. Is a a prime number?
False
Let w = 3 + 0. Let g(u) = 26*u**3 - u**2 + 2. Let n be g(w). Suppose 4*k = -k + n. Is k composite?
False
Suppose -5*r + q + 28193 = 0, 3*q - 16919 = -3*r + 2*q. Is r composite?
False
Let j = -149 + 41. Let n be (j/(-90))/((-6)/20). Is n - -3*(-535)/(-5) a prime number?
True
Is (-91 - 58)/(2/(-22)) composite?
True
Suppose 5*d = -20, 3*x - 4845 - 10030 = d. Is x a prime number?
True
Let s = 856 - -470. Suppose 2*q + s = 5*q. Suppose -4*k = -3*t - 513 - 349, -2*k - 4*t + q = 0. Is k prime?
False
Suppose 16*v = -12*v + 573356. Is v a composite number?
False
Let s(b) = 2*b**2 + b + 11. Let j(u) = -u**2 + 5*u + 5. Let v be j(5). Suppose -3*f = v*t + 25, -2*f + f - t - 9 = 0. Is s(f) a composite number?
True
Let x = -1178 - -3147. Is x a composite number?
True
Suppose 3*h - 977854 = -35*h. Is h a prime number?
True
Let k = -2364 - -10717. Is k a composite number?
False
Let l = -11 - -46. Let u = 26 - 37. Let v = l - u. Is v a prime number?
False
Let g(q) = q**3 - 2*q**2 - 3*q + 2. Let m be g(3). Suppose j = m*p - 4, 0*j = -4*p - 4*j + 20. Suppose f - 1180 = -p*f. Is f a prime number?
False
Is 276262/(-21)*(55/10 + -7) composite?
True
Let y = -32 - -37. Suppose 26 - y = v. Is v a prime number?
False
Let n(z) = -541*z. Let l be (-16)/(-12) - 2/(-3). Let w be (l/(-4))/((-1)/(-2)). Is n(w) composite?
False
Let q(s) = -3*s + 4 + 6 + 0*s + 2*s. Let d be q(6). Suppose l = 1, -d*b + 840 = -2*l - 2*l. Is b prime?
True
Suppose -13*i + 29*i - 10224 = 0. Let d = -197 - 101. Let v = i + d. Is v prime?
False
Let t be -3 - (-5 + -2 + 4). Let y be (-2 - t - -2)/2. Suppose y = -4*p + 278 + 302. Is p a prime number?
False
Let f be (-15)/(-2*1/2). Let w = f + -11. Suppose -308 = -w*y + y + 5*u, 116 = y + 5*u. Is y composite?
True
Let o(q) = 4*q**3 - 6*q**2 - 4. Let v(w) = 5*w**3 - 6*w**2 - w - 5. Let c(k) = -6*o(k) + 5*v(k). Let i(t) = t**2 - t - 2. Let a be i(3). Is c(a) prime?
True
Suppose b - 1274 + 336 = 3*a, 0 = -5*b - 4*a + 4614. Is b a prime number?
False
Let d(y) = -9*y**3 - 14*y**2 - 4*y + 4. Is d(-15) prime?
False
Suppose o + 2*k = 17697, 9*o + 5*k = 4*o + 88460. Is o composite?
True
Suppose -3381 = -22*a + 3637. Is a a composite number?
True
Let d be 1/(-7) + 180640/280. Suppose -4*i - 628 = -2*i. Let g = d + i. Is g composite?
False
Suppose 0 = 5*w - 3*w - 10. Let o(a) be the third derivative of a**5/20 + a**4/6 - a**3 - a**2. Is o(w) a prime number?
True
Suppose 2*o - 1243 - 1783 = 4*q, -755 = q - o. Let d = 1449 + q. Is d a composite number?
False
Let c = 123 - 127. Let s(l) = l**2 - 2 - l**2 - l**3 - 3*l - 3*l**2. Is s(c) composite?
True
Let q be 708 - ((2 - 0) + 0). Let j(c) = -c**3 + 9*c**2 - 5*c - 55. Let f be j(6). Let h = q - f. Is h composite?
False
Let y = -2115 + 5278. Is y composite?
False
Suppose 3*a = 5*a. Suppose 2037 = x - 4*j, a = 4*x - 2*j + 3*j - 8165. Is x composite?
True
Let y = -3 - 0. Let d be 8/3*3384/32. Is 0/(-3) - d/y composite?
True
Let j be (130 - -1)/(-2*5/80). Is (j - 7)*(6/2)/(-3) composite?
True
Let b be (-1)/(2 + 2 - 5). Is (5 - b) + (-31)/(-1) composite?
True
Let i(y) = y**3 - 18*y**2 + 24*y - 24. Let t be i(17). Let f = -16 + t. Is f a prime number?
True
Let b(k) = k**2 + 40*k**3 - 139*k**3 - 123*k**3. Is b(-1) prime?
True
Let v = 23181 - -2552. Is v a composite number?
False
Let c(h) = -h + 13. Let f(q) = q**2 - 9*q + 1. Let r be f(10). Let d be c(r). Is (d/(-6))/(2/(-36)) a prime number?
False
Suppose -722 = -2*n + 2*p, -p = 4*n - 4*p - 1441. Suppose k - n = -k. Is k composite?
False
Is ((-1819)/4 - 1)/(35/(-140)) composite?
False
Suppose 4*z = 20, -4*x - 2*z + 78044 = -26650. Is x a composite number?
False
Let u(j) = 11*j**3 - 11*j**2 - 12*j + 99. Is u(8) composite?
False
Let c(b) = 7*b**3 - 19*b**2 - 7*b - 3. Let s(i) = 3*i**3 - 10*i**2 - 4*i - 2. Let h(v) = 6*c(v) - 11*s(v). Is h(3) a composite number?
True
Let p(y) = -5*y + 15. Let c(k) = 4*k - 14. Let v(a) = -4*c(a) - 3*p(a). Is v(-10) a composite number?
True
Suppose -3 = -p - 2*f + 1, 5*p - 12 = -2*f. Suppose -p*w + 41 + 269 = 0. Is w composite?
True
Let d(y) be the third derivative of y**5/60 - y**4/12 - y**3/6 + 2*y**2. Let v(i) = i**3 - 7*i**2 + 5*i + 2. Let r be v(6). Is d(r) a prime number?
True
Let t(y) be the first derivative of 13*y**5/10 + y**4/4 - y**3/2 - y**2/2 - 10*y + 7. Let v(b) be the first derivative of t(b). Is v(2) prime?
False
Let m(v) be the second derivative of -v**2 - 2*v - 5/6*v**4 - 1/20*v**5 + 0 - v**3. Is m(-11) composite?
True
Let o(w) = -47*w - 3. Let p be o(-8). Let b = 1062 - p. Is b composite?
True
Suppose 4 = 10*z + 54. Let d(q) = 2*q**2 - 3 + q**2 + q**2 - 2*q**3. Is d(z) composite?
False
Suppose -5*x - 5*m + 9*m = 198, 3*x + 5*m = -141. Is 28/x*6/8*-20 a prime number?
False
Let z(i) be the second derivative of i**4/12 + i**3/6 + 1657*i**2/2 - 7*i. Let p be z(0). Suppose -2*o = -5*u + p - 598, -o = 2. Is u prime?
True
Let x = 7813 - 1106. Is x prime?
False
Let p(b) = 137*b**2 + 5*b + 11. Let r(a) = -137*a**2 - 4*a - 10. Let l(v) = -4*p(v) - 5*r(v). Let n be l(4). Suppose -n = 4*j - 6*j. Is j composite?
True
Is (-41511)/(-15) - 66/165 prime?
True
Suppose 80 + 179 = -g. Let t = g - -640. Is t composite?
True
Let p(g) = 281*g**2 + 15*g + 15. Is p(8) composite?
False
Let t = 158 + -245. Let s = t + -360. Is 1/((3/s)/(-1)) a composite number?
False
Suppose 2*c = 7*c + 15, -5*c - 35 = -5*z. Suppose 0 = -z*h + 16*h - 10668. Is h a composite number?
True
Let a(x) = -x**3 - x**2. Let t(u) = -2*u**3 - 5*u**2 - 2*u + 3. Let b(r) = -a(r) + t(r). Let c be b(-6). Let l = -62 + c. Is l a composite number?
True
Let q(j) = -2*j**3 - 4*j**2 + 5. Suppose 2*g + 2 = 0, 4*g - 16 = 3*f - 2. Is q(f) a composite number?
False
Let m(b) = 6*b**2 - 5*b - 3. Suppose j - 5*p + 6 = 0, 4*p - 4 = j - 0. Suppose 5*o - j*y + 11 = -y, -o - 3*y = 13. Is m(o) a prime number?
True
Let a(l) be the second derivative of 34*l**4/3 - 2*l**3/3 + 5*l**2/2 + 22*l. Is a(2) a prime number?
True
Suppose u - 722 = -3*f, -2*f + 717 = u + 2*f. Is u composite?
True
Let n(d) = 54*d**2 + 2*d + 17. Is n(8) a composite number?
True
Suppose 51*a - 880924 = 7*a. Is a a prime number?
True
Suppose -7 + 2 = 5*f. Let b = f - -12. Let g(u) = -u**3 + 15*u**2 - 4*u + 11. Is g(b) a composite number?
True
Let d = -58759 - -101552. Is d a composite number?
False
Let y = 19 - 17. Suppose 0*q + 76 = y*q. Suppose -q = -m - m. Is m prime?
True
Let b be (-10)/35 + 206/(-14). Is (190/b)/((-8)/36) a composite number?
True
Suppose -3*u - 4 = -u, w + 3*u = -4. Suppose -w*y - 5086 = -2*a, 2*y = a + 3*a - 5078. Is (-4)/10 - y/5 prime?
True
Suppose -7*g = -5*b - 3*g + 21363, -b + 3*g + 4277 = 0. Is b a prime number?
True
Let l = -1955 + 3798. Is l a prime number?
False
Suppose k - 7882 = 4*b - 591, 0 = -2*b - 4. Is k composite?
False
Let n = -49 - -69. Is 7 - (-5)/(n/12) prime?
False
Suppose -4*t + 0 + 12 = 0, n = -5*t + 204. Let h = n - 100. Is h a composite number?
False
Let h(i) be the first derivative of i**4/4 - 2*i**3 + i**2/2 - 5*i + 2. Let c be h(6). Suppose c = f - 12. Is f prime?
True
Suppose -36 = -3*d - 0*d. Let i(l) = 2*l**2 + 16*l + 13. Is i(d) prime?
False
Let b(m) = 33*m + 10. Suppose g + f = 3*g - 2, -g + 5*f - 17 = 0. Is b(g) a prime number?
True
Suppose 5*b - 1115 = 4*a, 2*b - 36*a + 31*a - 446 = 0. Is b a composite number?
False
Let a(x) = x**2 + 26*x + 41. Let m be a(-24). Let i(s) = -9*s**3 + 6*s**2 + 8*s + 26. Is i(m) prime?
False
Let i = 36557 - 18375. Is i a prime number?
False
Suppose 0 = -3*w + 3*h - 14154 + 75555, -5*h = -3*w + 61401. Is w composite?
True
Suppose -45*p + 415431 = -1335204. Is p a prime number?
True
Suppose -7*g = -2*g + 1295. Let s = -125 - g. Let x = 421 - s. Is x composite?
True
Let p(w) = -38*w**3 + 5*w**2 + 5*w + 3. Suppose -3*n = -4*j - 2*n - 15, 0 = -j - n - 5. Is p(j) prime?
False
Suppose 5*u - 3*o - 3744 - 8780 = 0